 -112023 (base 6) to base 4.
-2110233
1311 (base 5) to base 16
ce
100202010 (base 3) to base 2
1101111000000
111223 (base 4) to base 6
10231
What is 285 (base 11) in base 14?
19d
101011100 (base 2) to base 11
297
Convert 2122 (base 7) to base 2.
1011101111
What is -133 (base 7) in base 16?
-49
Convert -15374 (base 8) to base 14.
-2736
-2d2b (base 15) to base 10
-9716
What is -440 (base 12) in base 2?
-1001110000
What is 514 (base 15) in base 13?
6a0
Convert -102203 (base 5) to base 12.
-1b98
1906c (base 14) to base 9
105631
9a60 (base 12) to base 10
17064
1330 (base 8) to base 9
888
What is 55a (base 12) in base 7?
2206
-1797 (base 10) to base 14
-925
What is -110111111001 (base 2) in base 10?
-3577
What is -53d (base 15) in base 9?
-1554
Convert -111101110011 (base 2) to base 7.
-14350
Convert 4247 (base 14) to base 3.
120200101
Convert -593 (base 13) to base 3.
-1022202
-6395 (base 13) to base 3
-200221112
220212 (base 3) to base 9
825
2020101 (base 3) to base 10
1630
1101010010 (base 2) to base 10
850
-100220210 (base 3) to base 12
-4226
What is -121102 (base 6) in base 16?
-297e
What is -22220 (base 3) in base 7?
-462
-cc6 (base 15) to base 7
-11262
11a62 (base 11) to base 4
10031202
What is -10011 (base 5) in base 10?
-631
What is 111011110 (base 2) in base 16?
1de
223230 (base 4) to base 2
101011101100
601 (base 12) to base 2
1101100001
What is -1011032 (base 4) in base 7?
-15626
797 (base 12) to base 10
1123
33444 (base 5) to base 8
4506
What is -b2 (base 14) in base 4?
-2130
201022 (base 5) to base 13
2ba4
6360 (base 7) to base 6
14223
258 (base 14) to base 10
470
74 (base 10) to base 15
4e
Convert 13302 (base 4) to base 10.
498
-2001 (base 13) to base 14
-185d
What is 7a2 (base 11) in base 13?
58a
What is 5725 (base 8) in base 3?
11011012
-269 (base 15) to base 13
-333
-2110321 (base 4) to base 12
-5621
What is 35626 (base 7) in base 9?
13587
Convert -3474 (base 8) to base 11.
-1434
Convert 1352 (base 7) to base 11.
43a
What is -110001001111 (base 2) in base 15?
-e01
Convert -205 (base 14) to base 3.
-112201
What is -d94a (base 14) in base 12?
-19852
What is 8b67 (base 14) in base 5?
1233244
Convert -13a5 (base 11) to base 14.
-933
-2622 (base 8) to base 10
-1426
Convert 6b3 (base 15) to base 6.
11010
Convert -41541 (base 6) to base 11.
-4236
Convert -4562 (base 7) to base 2.
-11001111101
What is 6112 (base 10) in base 15?
1c27
Convert 1b25a (base 12) to base 11.
28147
What is 266 (base 13) in base 9?
518
What is -222 (base 3) in base 15?
-1b
Convert 1010110000111110 (base 2) to base 13.
170bb
What is 2230 (base 12) in base 14?
1540
-55a (base 16) to base 9
-1782
Convert 44020 (base 5) to base 14.
1150
What is 1100234 (base 6) in base 15?
11251
What is -13442 (base 11) in base 9?
-28253
Convert 21cb (base 14) to base 11.
4450
7d (base 15) to base 3
11101
-11111100 (base 2) to base 10
-252
1420 (base 14) to base 5
103211
-2177 (base 8) to base 15
-51b
-12551 (base 6) to base 8
-3623
Convert -3234 (base 5) to base 14.
-23a
What is -413032 (base 5) in base 6?
-142325
Convert 20939 (base 13) to base 4.
32111003
What is 3150 (base 7) in base 14?
597
What is 1f8 (base 16) in base 5?
4004
-3744 (base 9) to base 2
-101011101010
What is -103320 (base 4) in base 16?
-4f8
-16310 (base 9) to base 6
-123443
Convert -68a4 (base 11) to base 14.
-343a
What is -64175 (base 9) in base 6?
-524235
Convert 13515 (base 9) to base 4.
2033033
What is -5240 (base 6) in base 5?
-14201
What is -1522 (base 6) in base 3?
-120012
-ef (base 16) to base 4
-3233
2368 (base 13) to base 2
1001101111011
Convert -970 (base 14) to base 5.
-24422
What is 245453 (base 6) in base 10?
21993
What is -357 (base 12) in base 9?
-614
1000120 (base 3) to base 4
23220
Convert 201232 (base 4) to base 6.
13554
-102 (base 11) to base 12
-a3
cc (base 16) to base 9
246
Convert 1100001111110 (base 2) to base 8.
14176
-2127 (base 12) to base 10
-3631
243 (base 6) to base 13
78
Convert -5957 (base 11) to base 14.
-2bb8
-22117 (base 11) to base 8
-76523
What is 1001222 (base 3) in base 7?
2165
What is -16e2 (base 16) in base 15?
-1b08
-101000111100011 (base 2) to base 14
-78d5
What is 3787 (base 9) in base 10?
2833
ea8 (base 15) to base 10
3308
Convert 12130233 (base 4) to base 2.
110011100101111
Convert 5331 (base 7) to base 2.
11101011100
-140113 (base 5) to base 12
-3336
-2386 (base 9) to base 4
-123303
Convert -1123322 (base 5) to base 7.
-113441
What is -326 (base 16) in base 3?
-1002212
What is -52a (base 13) in base 2?
-1101110001
What is 130410 (base 8) in base 2?
1011000100001000
What is -112505 (base 6) in base 13?
-4544
Convert 122441 (base 5) to base 12.
28b6
Convert 1501 (base 6) to base 4.
12031
-3973 (base 13) to base 4
-2000032
-102000 (base 3) to base 4
-10221
-1030 (base 4) to base 6
-204
Convert -7618 (base 12) to base 4.
-3022310
What is 1637 (base 12) in base 11?
1a86
What is -139c (base 13) in base 7?
-11155
What is -1116 (base 9) in base 15?
-3a0
Convert 1100101100 (base 2) to base 15.
392
What is 266041 (base 7) in base 16?
c3bb
What is -20544 (base 7) in base 6?
-35303
What is 6014 (base 13) in base 11?
9a0a
-5766 (base 10) to base 3
-21220120
1010101100 (base 2) to base 16
2ac
What is -133b (base 13) in base 10?
-2754
-250104 (base 6) to base 13
-a07b
What is -39508 (base 10) in base 13?
-14ca1
What is 35420 (base 6) in base 14?
1c20
5ba (base 14) to base 2
10001111000
What is 4313 (base 6) in base 14?
501
What is -18d (base 16) in base 9?
-481
Convert -3276 (base 8) to base 6.
-11554
304 (base 5) to base 9
87
What is -864 (base 13) in base 12?
-9b6
Convert -6323 (base 7) to base 2.
-100010101110
Convert 12130 (base 5) to base 4.
32103
Convert 2040 (base 8) to base 2.
10000100000
1940 (base 13) to base 2
111010111010
110100001101 (base 2) to base 3
11120202
What is 2527 (base 10) in base 14?
cc7
Convert -1100001000111 (base 2) to base 11.
-4740
What is -605 (base 12) in base 13?
-51b
What is -11020 (base 4) in base 2?
-101001000
5154 (base 6) to base 13
6a6
What is -33002 (base 4) in base 12?
-682
-30323 (base 4) to base 7
-2261
Convert -75346 (base 8) to base 3.
-1121011021
Convert -3b2 (base 13) to base 2.
-1010001100
11000101100 (base 2) to base 13
947
Convert -1111100101 (base 2) to base 15.
-467
What is -101101111100 (base 2) in base 7?
-11400
Convert 4a (base 15) to base 7.
130
Convert 124431 (base 5) to base 11.
3828
What is -883 (base 11) in base 10?
-1059
5318 (base 9) to base 8
7501
-85 (base 16) to base 8
-205
What is -110110001110 (base 2) in base 12?
-2012
-220012 (base 4) to base 6
-15514
What is -35b (base 12) in base 11?
-418
Convert -392 (base 10) to base 3.
-112112
Convert 1322 (base 4) to base 2.
1111010
Convert -20b5 (base 16) to base 5.
-231443
101113311 (base 4) to base 2
10001010111110101
5c7d (base 15) to base 7
111262
Convert -13401 (base 6) to base 4.
-200221
Convert 1011221 (base 3) to base 16.
35e
Convert 3806 (base 14) to base 6.
113222
-243 (base 11) to base 3
-101201
Convert -101010010100 (base 2) to base 12.
-1698
-15826 (base 9) to base 6
-122210
What is 23312200 (base 4) in base 10?
48544
What is 3684 (base 12) in base 11?
468a
What is 25372 (base 9) in base 13?
7a06
24589 (base 11) to base 13
130c0
-311246 (base 7) to base 14
-155cd
-5b2 (base 12) to base 7
-2330
What is 99b (base 16) in base 15?
ade
Convert -c8 (base 13) to base 2.
-10100100
Convert -76 (base 11) to base 7.
-146
-103201 (base 4) to base 9
-1637
What is -4b1 (base 15) in base 12?
-74a
What is 523 (base 8) in base 10?
339
-110331 (base 4) to base 3
-1211200
Convert -2075 (base 9) to base 15.
-6bb
Convert -440 (base 8) to base 2.
-100100000
What is 1000101111010 (base 2) in base 14?
18b8
What is -4681 (base 11) in base 12?
-3677
Convert -ab1 (base 15) to base 3.
-10022111
What is -4034 (base 6) in base 11?
-736
What is 462 (base 14) in base 15?
3d0
Convert 289 (base 13) to base 3.
121201
44351 (base 7) to base 13
5105
What is -19e (base 15) in base 11?
-310
What is -21233 (base 4) in base 5?
-4443
What is 3a0 (base 11) in base 5?
3343
377 (base 10) to base 5
3002
-11110011110 (base 2) to base 15
-8a0
21346 (base 8) to base 3
110020220
What is -2213012 (base 4) in base 3?
-112200002
Convert -106a (base 14) to base 3.
-10220010
What is -111101111100100 (base 2) in